et y = k + 4. Suppose y*p + 13 = 3. Let w(t) = -t - 6. Give w(p).
-1
Suppose -27 - 8 = -5*p. Suppose -4*v + 4*d = v - p, 11 = v + 4*d. Let q(j) = -2 + 2*j**3 + 0 - v*j**2 - j**3. Determine q(3).
-2
Let m = 8 - 3. Suppose 2*w = 15 - m. Let h(j) = 1. Let u(l) = l**2 - 4*l + 7. Let c(q) = -5*h(q) + u(q). Calculate c(w).
7
Suppose -3*j - 3*s = 0, 4*s = -2*j + j. Let x(o) = 7*o - 7. Let n(z) = z. Let d(c) = 6*n(c) - x(c). Calculate d(j).
7
Let b(z) = 5*z**2 + 1. Suppose 4*y - 5*d + 1 = 0, 4*y + 3*d = 7*d. Determine b(y).
6
Let x(i) = -2*i + 4. Suppose 0 = -r + 13 - 9. Give x(r).
-4
Let q(m) = -2*m - 2. Let v(c) = 3*c + 3. Let f(w) = -7*q(w) - 5*v(w). Calculate f(-7).
6
Let k(b) = b**2 + 7*b + 11 + 4 - 24. What is k(-8)?
-1
Let g(n) = -4 - 5*n**2 + 9*n + 6 + 3*n**2. Let l(u) = -3*u**2 + 17*u + 4. Let p(j) = 5*g(j) - 3*l(j). Suppose -5*c + 6*c + 3 = 0. Calculate p(c).
7
Let o(f) = -5 - 3*f**3 - 2*f**3 - f**2 - f + 6*f**3. Let q(h) = 4 - h**2 - 3*h + 8*h + 2. Let t be q(6). Determine o(t).
-5
Let d(w) = -w**2 - w - 6. Let r(z) = -z**2 - z - 1. Let p(k) = -d(k) + 2*r(k). Calculate p(0).
4
Suppose -a - 31 = 5*m + 2*a, -2*m - 2*a = 14. Let y(u) = -u**2 - 6*u + 6. Give y(m).
11
Let l(n) = n + 7 + 3 - 3*n**3 - 10. Suppose -1 = -m + 1. Suppose -3*h = -m*h + 1. Give l(h).
2
Let v(h) = 2 - 10*h - h**2 + 3*h + 7 + 8*h**2 - h**3. Let u = 9 + -6. Suppose -b + 27 = 5*m, -u*m + b + 9 = 4*b. Give v(m).
3
Suppose -3*w + 2*w + 2 = 0. Let l(i) be the first derivative of 0*i**2 - 1 + 5*i**2 - 2*i - 4*i**2. Calculate l(w).
2
Let x(w) = -8*w**2 + w - 3. Let v(t) = -t**2 - 1. Let y(k) = 2*v(k) - x(k). Give y(1).
6
Let g(w) be the first derivative of w**2/2 - 5*w + 10. What is g(7)?
2
Let f(a) = -5*a**3 + a**2 - 1. Let d be (-2)/(-3)*(-15)/(-10). Suppose 0 = 4*s - 5*s + d. Give f(s).
-5
Let x(p) = -4 + p**2 + 3 + 0*p**3 + p**3. Let u = -7 - -8. Suppose 5*n - 14 = 3*g, -3*n + u = n + g. Give x(n).
1
Suppose 2*f - 15 = m + 2*m, 4*m - 2*f + 20 = 0. Let p(l) = -l**3 - 4*l**2 + l - 3. Determine p(m).
17
Suppose -9 = 4*p - 1. Let q(b) = -4*b**2 - 2*b**2 + 0*b**2 + 7 + b + 7*b**2 + 3*b**3. Let j(d) = -d**3 - d**2 - 3. Let g(l) = p*q(l) - 5*j(l). What is g(1)?
1
Let a be (2 - -1) + 22 + -21. Let z(j) be the first derivative of -j**4/4 + 5*j**3/3 - 2*j**2 - 3*j - 2. Determine z(a).
-3
Let b(h) = h**3 - 4*h**2 - 5*h - 3. Let s(u) = u**2 - 5*u + 5. Let x be s(5). What is b(x)?
-3
Let z(s) = -s**2 - 7*s - 4. Let m(j) = -5*j + 7. Let w(r) = -r + 1. Let n(t) = m(t) - w(t). Let x be n(3). Determine z(x).
2
Suppose -2*o - 55 = -7*o. Let y = o + -8. Let v(c) = -8*c + 2*c - c**2 + 4*c**y - 5*c**2 - 5*c**3 - 2. Determine v(-5).
3
Let k(l) be the second derivative of l**4/12 + l**3/6 - 3*l**2/2 + 10*l. What is k(3)?
9
Suppose -5*o = 4*t + 6, 3*t + 22 = 8*o - 3*o. Suppose 0 = 4*y + y - 10. Let n(v) = -y*v + 0*v + v**2 + 4 - 4*v**o + v**2. Determine n(-3).
-8
Let h(d) = -d - 19. Let p be h(-13). Let n(f) = -f**3 - 6*f**2 - f - 8. Give n(p).
-2
Let r(a) = -a**2 + 5*a + 5. Let f be -3 + 1 + 3 + 4. Determine r(f).
5
Let v(c) = -3*c - 18. Let p(f) = -2*f - 12. Let x(b) = -7*p(b) + 5*v(b). Let o be x(-6). Let k = 4 - o. Let h(m) = m**3 - 4*m**2 - 4. Give h(k).
-4
Let k(x) = x - 12. Let q = 117 - 111. What is k(q)?
-6
Let o = 25 - -4. Let i = o - 18. Suppose -3*h + 4*m - 14 = -h, 0 = -4*h - 5*m + i. Let d(a) = -9*a - 1. Determine d(h).
8
Let x be (-22)/(-10) + (-3)/15. Suppose 1 = -p + x. Let t(r) = 3*r**2 + 3*r - r - r - 10*r**2. What is t(p)?
-6
Let w(v) = -v**2 - 6*v - 4. Let d(b) be the second derivative of b**2/2 - 2*b. Let a(c) = d(c) + w(c). Let i be (-4)/(-10) - 27/5. Calculate a(i).
2
Let u = -1 - -6. Let t(p) be the second derivative of 4*p - 7/2*p**2 + 1/3*p**3 + 0. Calculate t(u).
3
Let w(m) be the third derivative of m**4/24 - m**3 + 6*m**2. Calculate w(5).
-1
Let k(l) = -l + 2. Suppose -5*u - 42 = -11*u. What is k(u)?
-5
Let o(f) = -2*f - 1. Suppose 2*h - 76 + 70 = 0. Calculate o(h).
-7
Let s(u) = u**2 + 3*u - 4. Let q = 5 - 4. Let o(p) = -3*p**2 - 3*p + 2. Let y(k) = -6*k**2 - 7*k + 5. Let m(z) = 7*o(z) - 3*y(z). Let h be m(q). What is s(h)?
0
Suppose -x + 4*x - 13 = 2*d, 3*x = -d + 7. Let f(s) = -s + 7. Give f(x).
4
Let t(a) = -4*a**2 + a + 8. Let n(r) = 5*r**2 - 8. Let x(j) = -3*n(j) - 4*t(j). Let d be 7 + -3 + 1 + 1. Give x(d).
4
Let w(h) = -h**3 - 3*h**2 + 1. Suppose 5*i - 13 = 22. Suppose -4*x - 4*o = 28, 3*x - 2 = 3*o + i. What is w(x)?
-3
Let y be (6/40)/(54/30). Let u(g) be the second derivative of 1/6*g**3 + 0 + y*g**4 + g**2 - 1/20*g**5 + 3*g. Give u(2).
0
Let x(w) = 8*w**2 - 1. Suppose -7 = 5*c - 2. Let s be 3/(-12)*4/c. Determine x(s).
7
Let w(a) = -3 + 3*a**2 - 3 - 7*a**2 + 8. Give w(-2).
-14
Let z(f) be the first derivative of -f**4/4 + 4*f**3/3 + f**2 + f - 9. Calculate z(4).
9
Suppose -3*o + 5 = -1. Let k(p) = 2*p**3 - 2*p**2 - 1. What is k(o)?
7
Suppose 4*y - 18 - 2 = 0. Suppose -36 + 11 = y*r + 5*l, 5*r + 1 = 3*l. Let h(u) = u**3 + u**2 + 2*u. Give h(r).
-8
Suppose -3*h = h. Let j(u) be the third derivative of h - 1/30*u**5 - 1/120*u**6 + 2*u**2 - 1/2*u**3 + 0*u + 1/8*u**4. Determine j(-3).
-3
Let d be (-2)/4*0/(-2). Let v be (1 - (-24)/(-9))*-3. Let s(w) = -w + 2*w + v + 2 + w**2. What is s(d)?
7
Let t be 15/4 - (-5)/20. Suppose -t*d = -14 + 2. Let u(f) = -2*f**2 + 4*f. Calculate u(d).
-6
Let y(g) = g**2 - 1. Let m(n) = -3*n**2 - n - 3. Let b(t) = m(t) + 2*y(t). Let p(i) = i - 7. Let x = 3 + 4. Let z be p(x). Calculate b(z).
-5
Suppose -3 = -2*b - q, -5*q = 3*b + 2*b - 10. Let d be 22/(-6) + b/(-3). Let t(o) = -31 + 61 - 34 - 3*o. Determine t(d).
8
Let w(j) = j**2 + 2*j - 1. Let m = -11 - -15. Let z = 6 - m. Let i be (1 + 1)*(1 - z). What is w(i)?
-1
Let k(s) = -4*s + 2 - 5*s + 0*s + 10*s. What is k(-5)?
-3
Let s(m) = m + 2. Let h be (-2)/4 + 3/2. Suppose 2*d - 3 = h. Calculate s(d).
4
Suppose 2*x = 5*g + 11, 2*x - 2*g = 2 - 0. Suppose -4*a + 1 = -7. Let d(u) = 3*u + 17*u**2 - 16*u**a - 4*u. Give d(x).
6
Let d(j) = j - 3. Suppose -18 = -2*i - 6. Give d(i).
3
Let n(q) = q**3 - q**2 - q + 1. Let s(c) = -2*c**3 + 8*c**2 - 2*c - 6. Let o(b) = n(b) + s(b). Determine o(4).
31
Let y(x) = 18*x - 3. Let j(s) = -27*s + 5. Let p(r) = 5*j(r) + 8*y(r). Let b(a) = 10*a + 2. Let f(i) = 4*b(i) - 5*p(i). Determine f(2).
-7
Let h(g) = -g**2 - 5*g + 3. Let y = 15 + -20. Determine h(y).
3
Let x(o) = -o**3 - 4*o**2 - 3*o - 2. Let p(t) = -2*t**3 - 7*t**2 - 6*t - 5. Let w(q) = 2*p(q) - 5*x(q). Determine w(-2).
10
Let o be (-6)/(-2)*(-44)/(-33). Let r(u) = u**2 - 5*u + 3. Calculate r(o).
-1
Suppose -5*j + 2*d + 4 = -j, 3 = -3*j + 3*d. Suppose -6*h = -j*h. Let w(n) = -n - 6. Calculate w(h).
-6
Let s = 7 - 1. Let h(d) = 3*d - 2. Let k(m) = -4*m + 2. Let p(i) = 3*h(i) + 2*k(i). Determine p(s).
4
Let q be ((-60)/25)/(8/(-20)). Let w(b) = -b - 7. Determine w(q).
-13
Let h(n) = -5*n**2 - n + 8. Let d(y) = -14*y**2 - 2*y + 23. Let q(r) = -6*d(r) + 17*h(r). Calculate q(-4).
2
Let u(j) be the second derivative of 3*j**7/280 + j**6/180 + j**5/120 + j**3/2 - 3*j. Let g(q) be the second derivative of u(q). Give g(-1).
-8
Let f(d) = -d**2 + 6*d - 7. Suppose 2*r + h + 10 = -12, 44 = -4*r + h. Let m(i) = -i**2 - 11*i + 5. Let q be m(r). What is f(q)?
-2
Suppose -6*p = -3*p - 4*c - 10, 0 = -2*p + c + 15. Suppose 4*y + 2 = p. Let w(g) = 9*g**2 - 3*g**2 - 2*g + 3*g**2 - 7*g**2 + 3. Give w(y).
7
Let f(l) be the second derivative of -l**3/6 + 3*l**2/2 - 20*l. Give f(3).
0
Let s be (-27)/(-12) + (-6)/(-8). Suppose s + 3 = -l. Let a(n) = -2*n - 6. Determine a(l).
6
Let i(x) be the first derivative of -x**3/3 - 5*x**2/2 + 2*x + 2. Let z(k) = 3*k**3 + 3*k**2 + 2*k + 3. Let o be z(-2). Let a = o - -9. Calculate i(a).
6
Let d(i) be the third derivative of i**4/24 + 2*i**3/3 - i**2. Let o(h) = -h + 3. Let y be o(7). Calculate d(y).
0
Let s(j) = -j**3 - 4*j**2 + 7*j - 1. Let u be ((-2)/4)/((-1)/(-10)). Determine s(u).
-11
Let f(z) = z**2 + 3. Suppose 14*p = 18*p - 12. Calculate f(p).
12
Let n(o) = -o**3 - 4*o**2 - 2. Let f be (32/20)/((-12)/30). Determine n(f).
-2
Let i(p) = p - 2. Let v be i(6). Let c = 1 - 3. Let h = v + c. Let k(s) = s**3 - s**2. What is k(h)?
4
Let d(k) = k**2 - 4*k - 2. Let v(h) = h**2 + 4*h - 1. Let j be v(1). Calculate d(j).
-2
Let c(g) = -g**2 + 2*g + 4. Let d be c(3). Let s(u) = 2*u**2 -